t g(d) = 2*d**2 - 13*d - 14. Determine g(-1).
1
Let k(c) = -6*c + 9. Calculate k(-3).
27
Let c(u) = 8*u + 94. Give c(-11).
6
Let s(t) = 2*t**2 + 8*t + 4. Give s(-3).
-2
Let h(a) = 6*a - 2. Calculate h(-2).
-14
Let n(l) = -l**3 + 15*l**2 - 27*l + 5. Calculate n(13).
-8
Let t(y) = -y**3 - 37*y**2 + 38*y + 6. Calculate t(-38).
6
Let n(w) = -10*w**2 - 78*w + 21. Give n(-8).
5
Let x(r) = -4*r + 9. What is x(4)?
-7
Let z(f) = -f**3 - f**2 - f - 4. What is z(-4)?
48
Let q(a) = -a**2 + 26*a - 122. Calculate q(6).
-2
Let t(p) = -p - 8. What is t(7)?
-15
Let n(c) = c**2 + 14*c + 15. Give n(-12).
-9
Let a(g) = 2*g**2 - 12*g + 23. Calculate a(4).
7
Let w(s) = 12*s - 56. Determine w(6).
16
Let d(z) = z**3 + 10*z**2 - 12*z - 20. Calculate d(-11).
-9
Let v(p) = -p**3 - 5*p**2 + 5. What is v(-5)?
5
Let q(h) = h + 58. Determine q(-17).
41
Let q(o) = 6*o. Give q(-5).
-30
Let d(o) = -o**3 - 4*o**2 - 2*o + 2. Calculate d(-4).
10
Let u(r) = r**2 + 4*r + 10. Give u(-6).
22
Let u(a) = 5*a + 82. Determine u(-12).
22
Let t(m) = 27*m + 3. Calculate t(-2).
-51
Let d(c) = c**2 + 16*c + 5. Give d(-15).
-10
Let j(s) = -s**3 + 6*s**2 + 7*s - 28. Determine j(7).
-28
Let u(s) = s**2 + 9*s + 38. Give u(-4).
18
Let t(d) = d**2 + 13*d + 3. Give t(-5).
-37
Let x(k) = -k**2 + 14*k - 51. Give x(5).
-6
Let a(r) = -r**3 - 5*r**2 + 11*r - 2. What is a(-7)?
19
Let h(a) = 2*a**3 + a**2 - a + 2. Calculate h(-2).
-8
Let d(n) = 40*n - 434. Give d(11).
6
Let f(g) = -10*g + 32. Give f(5).
-18
Let i(r) = 17*r - 23. What is i(2)?
11
Let d(w) = -2*w + 40. Give d(17).
6
Let m(i) = 13*i. Determine m(-1).
-13
Let c(y) = -2*y**3 + 8*y**2 - 5. What is c(4)?
-5
Let p(t) = t**3 + 7*t**2 + 3*t. Give p(-6).
18
Let v(l) = -5*l + 131. Determine v(27).
-4
Let f(k) = -2*k**3 + 13*k**2 + 7*k - 3. Determine f(7).
-3
Let r(m) = 3*m + 6. What is r(5)?
21
Let o(z) = z**3 + 19*z**2 + 35*z + 19. What is o(-17)?
2
Let d(h) = h**3 + h**2 + h - 8. Calculate d(0).
-8
Let z(x) = x**3 - 4*x + 2. Calculate z(-3).
-13
Let z(j) = j**3 - 14*j**2 + 7*j. What is z(13)?
-78
Let a(x) = -x**2 + 7*x - 5. What is a(5)?
5
Let v(n) = -n**3 - 6*n**2 - 9*n + 1. Determine v(-4).
5
Let p(o) = -53*o + 99. What is p(4)?
-113
Let w(t) = t**2 + 5*t - 41. Calculate w(-10).
9
Let p(h) = -10*h - 22. What is p(-4)?
18
Let f(y) = -y**3 - 2*y**2 - 4. Determine f(-4).
28
Let m(j) = -j**2 - 10*j - 1. Give m(-9).
8
Let d(p) = -8*p - 185. Calculate d(-22).
-9
Let i(a) = 3*a - 5. Give i(-2).
-11
Let c(z) = 2*z**2 - 18*z - 13. Calculate c(10).
7
Let k(t) = t**2 - 9*t + 2. Calculate k(7).
-12
Let n(c) = -c**2 - 7*c + 74. Give n(-14).
-24
Let u(n) = -2*n - 37. Determine u(0).
-37
Let l(g) = g**3 - 5*g**2 + 2*g + 6. Give l(3).
-6
Let f(v) = v**3 - 9*v**2 + 4*v + 7. Determine f(8).
-25
Let a(n) = n**3 + 32*n**2 + 34*n + 86. Determine a(-31).
-7
Let f(n) = -n**3 + 9*n**2 + 13*n - 7. Determine f(10).
23
Let u(w) = 5*w - 29. What is u(4)?
-9
Let s(f) = -5*f - 6. Calculate s(-2).
4
Let w(h) = -h - 15. Give w(-13).
-2
Let s(l) = -l - 3. Give s(7).
-10
Let r(m) = 3*m**2 - 2*m + 13. What is r(3)?
34
Let h(m) = -m**3 - 3*m**2 + 5*m + 11. Give h(-4).
7
Let y(m) = 4*m**2 + 2*m - 5. Determine y(-3).
25
Let z(v) = -v**2 + 3*v - 11. What is z(6)?
-29
Let c(p) = p**3 - 4*p**2 + 9*p - 31. Calculate c(4).
5
Let t(w) = w**3 - w**2 - 10*w - 14. Give t(-2).
-6
Let m(z) = -8*z - 61. What is m(-8)?
3
Let w(d) = 6*d**2 - 2*d + 1. What is w(1)?
5
Let w(v) = 10*v + 25. Calculate w(-2).
5
Let r(f) = -f**2 + f - 1. Give r(-2).
-7
Let l(g) = -2*g + 32. Determine l(0).
32
Let g(u) = -u**3 - 29*u**2 - 31*u - 90. Give g(-28).
-6
Let k(w) = 7*w**2. Calculate k(1).
7
Let f(z) = z**3 - 6*z**2 - 3*z + 3. Give f(6).
-15
Let q(n) = n**3 + 21*n**2 + n + 37. Calculate q(-21).
16
Let f(t) = -2*t**2 + 33*t + 18. Calculate f(17).
1
Let u(t) = -4*t + 15. What is u(11)?
-29
Let g(b) = -2*b**3 + 5*b**2 - 5*b + 10. Calculate g(3).
-14
Let r(c) = c**3 + 5*c**2 - 11*c - 11. Determine r(-7).
-32
Let u(k) = 2*k**2 - 9*k + 4. Give u(6).
22
Let g(n) = -n**3 - 12*n**2 - 24*n - 15. Determine g(-10).
25
Let b(n) = 10*n - 113. What is b(11)?
-3
Let s(h) = -h**3 + 6*h**2 + 6*h - 7. What is s(7)?
-14
Let g(n) = n**2 - 7*n - 66. Determine g(12).
-6
Let z(u) = 10*u + 15. Determine z(-1).
5
Let m(n) = 2*n**2 + 23*n - 14. Calculate m(-16).
130
Let o(x) = -x**2 + 3*x + 3. Determine o(5).
-7
Let v(b) = b + 4. Give v(-6).
-2
Let f(u) = 8*u - 133. Calculate f(21).
35
Let p(z) = 25*z - 426. What is p(18)?
24
Let l(r) = -2*r - 7. Give l(-4).
1
Let p(q) = -4*q + 4. Calculate p(-11).
48
Let s(a) = 14*a**3 + 2*a - 1. Calculate s(1).
15
Let u(v) = 3*v + 6. Give u(7).
27
Let r(s) = -s**2 - 8*s + 8. Give r(-11).
-25
Let c(x) = -2*x**2 - 14*x - 21. Calculate c(-4).
3
Let w(l) = l**3 + 11*l**2 - 2*l + 21. What is w(-11)?
43
Let u(z) = 2*z - 3. Determine u(-5).
-13
Let j(y) = -8*y + 157. What is j(20)?
-3
Let b(x) = 4*x**2 + 2*x - 7. Calculate b(2).
13
Let y(w) = -w**3 - 14*w**2 + 30*w - 32. Determine y(-16).
0
Let l(x) = 3*x + 3. Calculate l(-4).
-9
Let w(c) = c**2 - 16*c + 46. Calculate w(13).
7
Let y(b) = -6*b - 76. Give y(-3).
-58
Let n(o) = 2*o**3 + 78*o**2 + 6*o + 235. Calculate n(-39).
1
Let j(s) = 166*s - 321. Determine j(2).
11
Let x(s) = -s**3 + 18*s**2 - 31*s - 14. Give x(16).
2
Let r(w) = -w - 9. What is r(-6)?
-3
Let j(i) = 37*i - 2. Give j(-1).
-39
Let j(q) = 4*q**3 + 44*q**2 + q + 19. Give j(-11).
8
Let n(r) = -r + 5. What is n(11)?
-6
Let j(m) = m**3 - 4*m**2 - 3*m - 7. Determine j(6).
47
Let s(u) = -u**2 - 3*u - 6. Calculate s(6).
-60
Let d(s) = s**3 - 10*s**2 + 10*s - 7. What is d(9)?
2
Let q(o) = -o**2 + 6*o + 28. Determine q(9).
1
Let a(b) = -66*b + 2. Determine a(1).
-64
Let u(f) = 5*f - 4. Calculate u(-4).
-24
Let o(c) = -6*c - 5. Calculate o(-2).
7
Let u(k) = -3*k - 5. Give u(-12).
31
Let t(j) = 8*j + 10. Calculate t(-1).
2
Let w(d) = -5*d - 3. What is w(7)?
-38
Let c(d) = d**2 + 8*d - 5. Determine c(-7).
-12
Let y(o) = -5*o**3 + 2*o**2 - o + 3. Determine y(2).
-31
Let b(n) = n. Determine b(0).
0
Let d(l) = l**3 - 24*l**2 + 22*l + 3. Give d(23).
-20
Let l(r) = r**2 + 6*r + 1. Determine l(-4).
-7
Let u(q) = -2*q**3 - 87*q**2 - 44*q - 59. What is u(-43)?
-16
Let g(v) = 3*v**2 + 2*v. Determine g(-2).
8
Let x(u) = -3*u + 1. Give x(-7).
22
Let v(z) = -3*z**2 + 2*z + 6. Give v(2).
-2
Let k(j) = -4*j**3 - 3*j**2 - 5*j - 4. What is k(-2)?
26
Let m(c) = c**2 - 18. What is m(0)?
-18
Let w(m) = -10*m - 64. Give w(-7).
6
Let k(j) = -j - 20. What is k(0)?
-20
Let b(y) = y**2 + 10*y + 9. What is b(-4)?
-15
Let a(r) = -r**2 + 8*r + 1. What is a(5)?
16
Let l(i) = 27*i - 220. Calculate l(8).
-4
Let y(f) = 2*f**2 + 12*f. Determine y(-6).
0
Let j(m) = -m**2 + 6*m + 49. Calculate j(11).
-6
Let w(k) = -k**3 - 9*k**2 - 9*k - 6. Calculate w(-8).
2
Let t(r) = -7*r + 37. Determine t(7).
-12
Let b(c) = 2*c**3 + 17*c**2 + 7*c + 139. Determine b(-9).
-5
Let f(c) = c**3 + 4*c**2 - 2*c - 5. Determine f(-4).
3
Let d(l) = -2*l**2 + 2*l + 4. What is d(-2)?
-8
Let j(f) = -f**2 + 13*f - 14. Determine j(10).
16
Let j(h) = 24*h - 1. Calculate j(-3).
-73
Let b(s) = -s**2 + 11*s - 13. Calculate b(6).
17
Let h(v) = -2*v**2 + 8*v - 7. Calculate h(6).
-31
Let j(s) = s**3 + 17*s**2 - 3*s - 23. Give j(-17).
28
Let z(k) = -6*k + 52. Calculate z(16).
-44
Let p(f) = 16*f + 40. Determine p(-8).
-88
Let w(q) = -q**2 + 13*q + 20. What is w(16)?
-28
Let r(u) = -3*u + 31. Determine r(10).
1
Let s(k) = -k**3 - 2*k + 2. What is s(2)?
-10
Let z(g) = -6*g - 8. Give z(-10).
52
Let w(o) = -7*o**2 + 2. Calculate w(1).
-5
Let d(u) = 3*u**2 - 20*u - 5. Determine d(7).
2
Let o(k) = k**3 + 6*k**2 + k - 3. Determine o(-6).
-9
Let b(a) = 6*a + 13. What is b(-9)?
-41
Let a(l) = l + 1. Give a(-10).
-9
Let x(f) = -f**3 - 4*f**2 + 25*f + 17. Calculate x(-7).
-11
Let h(b) = -2*b + 3. What is h(-9)?
21
Let l(v) = -7*v**2 + 6*v. Determine l(3).
-45
Let h(x) = -x**3 - 16*x**2 - 2*x - 28. Calculate h(-16).
4
Let t(a) = 9*a + 3. Calculate t(-4).
-33
Let j(z) = z**3 - 3*z**2 - 3*z + 3. Calculate j(4).
7
Let z(f) = -7*f**3 - 2*f - 1. Determine z(-1).
8
Let k(c) = c**2 + 2*c + 7. What is k(4)?
31
Let o(a) = 5*a + 50. Give o(-8).
10
Let g(t) = t**3 - 10*t**2 + t - 141. Determine g(11).
-9
Let t(u) = -12*u**2 - 1. Give t(1).
-13
Let r(n) = n**2 - 4*n + 10. Determine r(4).
10
Let s(